{"id":89,"date":"2015-10-22T03:26:18","date_gmt":"2015-10-22T03:26:18","guid":{"rendered":"https:\/\/educationwp.thimpress.com\/?page_id=89"},"modified":"2021-09-23T20:17:30","modified_gmt":"2021-09-23T23:17:30","slug":"maintenance","status":"publish","type":"page","link":"https:\/\/mestredointercambio.com\/index.php\/maintenance\/","title":{"rendered":"Manuten\u00e7\u00e3o"},"content":{"rendered":"<p>&nbsp;<\/p>\n<h3 class=\"title\">Nos perdoe! Estamos em manuten\u00e7\u00e3o no momento \ud83d\ude41<\/h3>\n<p>&nbsp;<\/p>\n<p>Estamos em manuten\u00e7\u00e3o no momento. Se tudo for como planejado, voltaremos o mais breve poss\u00edvel!<\/p>\n<p><!--end smicon-box--><script type=\"text\/javascript\"><\/p>\n<p>\t\t jQuery(function () {\n\t\t\t\tjQuery(\"#coming-soon-counter5673722e49aa6\").mbComingsoon({ expiryDate:  new Date(2016, 1, 28, 9), speed:100 });\n\t\t\t\tsetTimeout(function () {\n\t\t\t\t\tjQuery(window).resize();\n\t\t\t\t}, 200);\n\t\t\t});\n\t\t <\/script><\/p>\n","protected":false},"excerpt":{"rendered":"<p>&nbsp; Nos perdoe! Estamos em manuten\u00e7\u00e3o no momento \ud83d\ude41 &nbsp; Estamos em manuten\u00e7\u00e3o no momento. Se tudo for como planejado, voltaremos o mais breve poss\u00edvel! jQuery(function () { jQuery(&#8220;#coming-soon-counter5673722e49aa6&#8221;).mbComingsoon({ expiryDate: new Date(2016, 1, 28, 9), speed:100 }); setTimeout(function () { jQuery(window).resize(); }, 200); });<\/p>\n","protected":false},"author":1,"featured_media":0,"parent":0,"menu_order":0,"comment_status":"closed","ping_status":"closed","template":"","meta":{"_bbp_topic_count":0,"_bbp_reply_count":0,"_bbp_total_topic_count":0,"_bbp_total_reply_count":0,"_bbp_voice_count":0,"_bbp_anonymous_reply_count":0,"_bbp_topic_count_hidden":0,"_bbp_reply_count_hidden":0,"_bbp_forum_subforum_count":0,"om_disable_all_campaigns":false,"_monsterinsights_skip_tracking":false,"_monsterinsights_sitenote_active":false,"_monsterinsights_sitenote_note":"","_monsterinsights_sitenote_category":0,"footnotes":""},"class_list":["entry","author-kevin","post-89","page","type-page","status-publish"],"_links":{"self":[{"href":"https:\/\/mestredointercambio.com\/index.php\/wp-json\/wp\/v2\/pages\/89","targetHints":{"allow":["GET"]}}],"collection":[{"href":"https:\/\/mestredointercambio.com\/index.php\/wp-json\/wp\/v2\/pages"}],"about":[{"href":"https:\/\/mestredointercambio.com\/index.php\/wp-json\/wp\/v2\/types\/page"}],"author":[{"embeddable":true,"href":"https:\/\/mestredointercambio.com\/index.php\/wp-json\/wp\/v2\/users\/1"}],"replies":[{"embeddable":true,"href":"https:\/\/mestredointercambio.com\/index.php\/wp-json\/wp\/v2\/comments?post=89"}],"version-history":[{"count":2,"href":"https:\/\/mestredointercambio.com\/index.php\/wp-json\/wp\/v2\/pages\/89\/revisions"}],"predecessor-version":[{"id":9245,"href":"https:\/\/mestredointercambio.com\/index.php\/wp-json\/wp\/v2\/pages\/89\/revisions\/9245"}],"wp:attachment":[{"href":"https:\/\/mestredointercambio.com\/index.php\/wp-json\/wp\/v2\/media?parent=89"}],"curies":[{"name":"wp","href":"https:\/\/api.w.org\/{rel}","templated":true}]}}